
Is 1291 a composite number?
False
Is 175949 composite?
False
Is 23801 a composite number?
False
Is 38443 prime?
False
Is 229081 prime?
True
Is 117293 a composite number?
True
Is 59057 prime?
False
Is 106 a composite number?
True
Is 26597 a composite number?
False
Is 94493 a prime number?
False
Is 84829 a composite number?
True
Is 1382021 composite?
False
Is 1559 a composite number?
False
Is 4397 a composite number?
False
Is 235211 a composite number?
False
Is 53231 a prime number?
True
Is 4555 composite?
True
Is 206123 composite?
False
Is 369029 composite?
False
Is 12295 prime?
False
Is 36167 a prime number?
False
Is 59833 prime?
True
Is 23159 prime?
True
Is 557 a composite number?
False
Is 141523 a prime number?
False
Is 12709 prime?
False
Is 996035 a composite number?
True
Is 1117 a composite number?
False
Is 6661 prime?
True
Is 29009 a composite number?
False
Is 33571 a prime number?
False
Is 256423 prime?
True
Is 1875311 a composite number?
False
Is 1872001 composite?
False
Is 2045 composite?
True
Is 13153 composite?
True
Is 65519 a prime number?
True
Is 18527 prime?
False
Is 34273 a composite number?
False
Is 13931 composite?
False
Is 119611 prime?
True
Is 24671 a prime number?
True
Is 216091 a composite number?
False
Is 111 prime?
False
Is 8501 a composite number?
False
Is 8191 composite?
False
Is 351341 a prime number?
True
Is 968621 prime?
False
Is 65942 a prime number?
False
Is 1012547 composite?
False
Is 66979 a composite number?
True
Is 69959 prime?
True
Is 58309 a prime number?
True
Is 86161 a prime number?
True
Is 2357 a prime number?
True
Is 260621 a prime number?
False
Is 38197 composite?
False
Is 176677 prime?
True
Is 3493 a composite number?
True
Is 1388221 composite?
True
Is 14258 prime?
False
Is 20518 a prime number?
False
Is 11579 a prime number?
True
Is 16253 a prime number?
True
Is 137986 prime?
False
Is 7217 prime?
False
Is 13829 composite?
False
Is 382969 prime?
False
Is 4247 prime?
False
Is 78491 a composite number?
True
Is 17687 composite?
True
Is 317987 a composite number?
False
Is 77951 a prime number?
True
Is 58943 composite?
False
Is 63469 a prime number?
False
Is 19487 composite?
True
Is 44077 a prime number?
False
Is 81799 composite?
False
Is 1319 a prime number?
True
Is 13181903 prime?
False
Is 65929 prime?
True
Is 198127 prime?
True
Is 52489 a composite number?
False
Is 1579 prime?
True
Is 1361 composite?
False
Is 896351 prime?
False
Is 212749 prime?
False
Is 31633 prime?
False
Is 371281 composite?
False
Is 434989 composite?
False
Is 53129 a composite number?
False
Is 8081405 composite?
True
Is 8545 a composite number?
True
Is 46853 a prime number?
True
Is 12759 a prime number?
False
Is 9221 prime?
True
Is 149719 a composite number?
True
Is 84629 composite?
False
Is 1655 composite?
True
Is 25082 composite?
True
Is 138877 a prime number?
False
Is 105511 composite?
True
Is 711197 prime?
False
Is 107599 a composite number?
False
Is 496771 a prime number?
False
Is 2393 a prime number?
True
Is 479 a composite number?
False
Is 23483 a prime number?
False
Is 57367 prime?
True
Is 62963 a prime number?
False
Is 69313 composite?
False
Is 6743 a composite number?
True
Is 195991 a composite number?
False
Is 40771 a composite number?
False
Is 893999 composite?
False
Is 751027 a prime number?
True
Is 314213 composite?
False
Is 1090381 composite?
False
Is 60493 a prime number?
True
Is 304729 prime?
True
Is 2161 prime?
True
Is 138419 composite?
True
Is 126703 composite?
False
Is 2237 composite?
False
Is 91007 a prime number?
False
Is 74065 a composite number?
True
Is 53717 prime?
True
Is 178 prime?
False
Is 223537 prime?
False
Is 4049 a prime number?
True
Is 14369 a composite number?
False
Is 4861 a composite number?
False
Is 5197 prime?
True
Is 11617 a prime number?
True
Is 1027 a prime number?
False
Is 555589 a composite number?
False
Is 59747 a prime number?
True
Is 13061 prime?
False
Is 44953 prime?
True
Is 3803 a composite number?
False
Is 1521181 a composite number?
True
Is 150659 a prime number?
True
Is 13523 composite?
False
Is 590771 prime?
True
Is 39521 a prime number?
True
Is 124687 prime?
False
Is 160653 composite?
True
Is 40163 a prime number?
True
Is 95651 a prime number?
True
Is 101237 composite?
True
Is 615869 prime?
True
Is 5879 a composite number?
False
Is 32217 a composite number?
True
Is 407471 composite?
False
Is 4567 composite?
False
Is 302053 a prime number?
True
Is 34403 a prime number?
True
Is 59089 a composite number?
True
Is 27037 composite?
True
Is 111577 prime?
True
Is 75377 prime?
True
Is 431971 a prime number?
False
Is 38163 prime?
False
Is 1371785 prime?
False
Is 8753 composite?
False
Is 5777743 prime?
True
Is 354818 a composite number?
True
Is 1033378 a composite number?
True
Is 3986 a composite number?
True
Is 6661 prime?
True
Is 3665 a composite number?
True
Is 8045965 prime?
False
Is 48239 composite?
False
Is 44411 a prime number?
False
Is 3274 composite?
True
Is 332393 a prime number?
True
Is 54347 a prime number?
True
Is 639037 composite?
True
Is 268349 prime?
False
Is 25013 prime?
True
Is 1513 composite?
True
Is 211 prime?
True
Is 400523 composite?
False
Is 52907 prime?
False
Is 3821 a prime number?
True
Is 6197 a prime number?
True
Is 5403 a composite number?
True
Is 6497 a prime number?
False
Is 596761 composite?
True
Is 463807 prime?
True
Is 21001 a prime number?
True
Is 26193 a prime number?
False
Is 2414371 a composite number?
False
Is 499 prime?
True
Is 26447 a prime number?
False
Is 1347197 composite?
True
Is 3119 prime?
True
Is 5039 a composite number?
False
Is 4643 a composite number?
False
Is 21401 a composite number?
False
Is 47327 composite?
True
Is 2172659 a prime number?
True
Is 444079 a prime number?
True
Is 34633 composite?
True
Is 667721 composite?
True
Is 58799 prime?
False
Is 521 a prime number?
True
Is 8641 prime?
True
Is 92921 a composite number?
False
Is 3833 a prime number?
True
Is 109955 composite?
True
Is 1637 prime?
True
Is 13522 a prime number?
False
Is 26365 prime?
False
Is 10343 prime?
True
Is 121603 a prime number?
False
Is 21403 prime?
False
Is 7993 a prime number?
True
Is 348685 composite?
True
Is 805241 composite?
False
Is 479 a prime number?
True
Is 116759 a prime number?
False
Is 745 prime?
False
Is 2017 prime?
True
Is 149459 prime?
True
Is 17011 composite?
False
Is 100429 composite?
True
Is 3517867 prime?
True
Is 5779 prime?
True
Is 36185 a composite number?
True
Is 164717 composite?
True
Is 4633 prime?
False
Is 701 composite?
False
Is 70937 a prime number?
True
Is 52163 prime?
True
Is 1165 prime?
False
Is 3644753 a prime number?
False
Is 307 a prime number?
True
Is 47453 prime?
False
Is 7901 composite?
False
Is 1992733 composite?
False
Is 853 prime?
True
Is 102757 a prime number?
False
Is 1674019 a prime number?
False
Is 455509 composite?
True
Is 1682389 composite?
False
Is 41927 prime?
True
Is 7061 a composite number?
True
Is 1326269 a composite number?
True
Is 2140477 a prime number?
True
Is 5381 composite?
False
Is 146477 prime?
True
Is 7151 composite?
False
Is 853 a composite number?
False
Is 83495 prime?
False
Is 36965 composite?
True
Is 1027969 a prime number?
True
Is 2153 a prime number?
True
Is 14017 prime?
False
Is 1087757 prime?
False
Is 411703 a prime number?
True
Is 1670213 prime?
True
Is 26997 prime?
False
Is 47555 a composite number?
True
Is 23687 a composite number?
False
Is 43819 a prime number?
False
Is 805022 prime?
False
Is 56939 composite?
True
Is 121003 a prime number?
False
Is 591 a composite number?
True
Is 3223 a composite number?
True
Is 444379 composite?
True
Is 1690891 prime?
False
Is 156934 a composite number?
True
Is 232051 a composite number?
False
Is 1277 a prime number?
True
Is 140702 composite?
True
Is 35737 a composite number?
True
Is 34457 prime?
True
Is 18023 a prime number?
False
Is 7601 prime?
False
Is 1753671 prime?
False
Is 5447 a composite number?
True
Is 154547 prime?
False
Is 4265 composite?
True
Is 23731 composite?
True
Is 57023 prime?
False
Is 6598 a prime number?
False
Is 1678181 a prime number?
True
Is 6179 a composite number?
True
Is 27023 a composite number?
True
Is 62563 a prime number?
True
Is 1504921 a prime number?
False
Is 1203421 prime?
True
Is 167999 prime?
False
Is 924941 a prime number?
F